ors of 3945.
3, 5, 263
List the prime factors of 1167437.
331, 3527
List the prime factors of 314353.
13, 24181
What are the prime factors of 9073313?
9073313
List the prime factors of 12990133.
13, 61, 16381
What are the prime factors of 123421?
83, 1487
What are the prime factors of 454484?
2, 113621
What are the prime factors of 993838?
2, 496919
What are the prime factors of 1519971?
3, 103, 4919
What are the prime factors of 28756?
2, 7, 13, 79
What are the prime factors of 4781418?
2, 3, 499, 1597
List the prime factors of 633171.
3, 7, 11, 2741
List the prime factors of 13111633.
23, 570071
What are the prime factors of 256527?
3, 3167
List the prime factors of 169529.
47, 3607
What are the prime factors of 252425?
5, 23, 439
List the prime factors of 327979.
327979
What are the prime factors of 1103649?
3, 367883
What are the prime factors of 426859?
426859
What are the prime factors of 3362811?
3, 29, 38653
What are the prime factors of 2944510?
2, 5, 277, 1063
What are the prime factors of 627036?
2, 3, 52253
What are the prime factors of 24734080?
2, 5, 7, 5521
List the prime factors of 98918.
2, 49459
List the prime factors of 5305966.
2, 2652983
What are the prime factors of 226923?
3, 75641
What are the prime factors of 607929?
3, 7, 28949
What are the prime factors of 6120396?
2, 3, 197, 863
List the prime factors of 4477929.
3, 1492643
List the prime factors of 1359146.
2, 19, 47, 761
List the prime factors of 93060.
2, 3, 5, 11, 47
List the prime factors of 348314.
2, 174157
What are the prime factors of 3826138?
2, 1913069
List the prime factors of 1230294.
2, 3, 13, 15773
List the prime factors of 470469.
3, 156823
What are the prime factors of 18670235?
5, 443, 8429
What are the prime factors of 186894?
2, 3, 3461
List the prime factors of 7196233.
11, 59473
What are the prime factors of 168940?
2, 5, 8447
What are the prime factors of 324302?
2, 11, 14741
List the prime factors of 1646532.
2, 3, 45737
What are the prime factors of 15275999?
271, 56369
List the prime factors of 189260.
2, 5, 9463
What are the prime factors of 1958062?
2, 979031
What are the prime factors of 276177?
3, 11, 8369
List the prime factors of 8743236.
2, 3, 17, 42859
List the prime factors of 4566618.
2, 3, 7, 4027
List the prime factors of 37711785.
3, 5, 2514119
List the prime factors of 118814.
2, 59407
List the prime factors of 481050.
2, 3, 5, 1069
What are the prime factors of 84656?
2, 11, 13, 37
List the prime factors of 209625.
3, 5, 13, 43
What are the prime factors of 2781880?
2, 5, 17, 4091
List the prime factors of 125389.
11, 11399
What are the prime factors of 1487060?
2, 5, 74353
What are the prime factors of 5620139?
7, 79, 10163
List the prime factors of 68127.
3, 22709
What are the prime factors of 2982678?
2, 3, 497113
What are the prime factors of 29547068?
2, 7386767
List the prime factors of 2888203.
383, 7541
What are the prime factors of 471388?
2, 191, 617
What are the prime factors of 426616?
2, 53327
What are the prime factors of 23449177?
23449177
What are the prime factors of 1182760?
2, 5, 29569
What are the prime factors of 133240?
2, 5, 3331
What are the prime factors of 1388191?
7, 198313
What are the prime factors of 244858?
2, 23, 5323
List the prime factors of 97515.
3, 5, 11, 197
What are the prime factors of 108507?
3, 7, 5167
List the prime factors of 2621603.
2621603
List the prime factors of 600785.
5, 120157
List the prime factors of 54875.
5, 439
List the prime factors of 365502.
2, 3, 60917
What are the prime factors of 4473450?
2, 3, 5, 9941
What are the prime factors of 6679052?
2, 1669763
List the prime factors of 297113.
297113
List the prime factors of 1239283.
17, 269, 271
What are the prime factors of 291862?
2, 145931
What are the prime factors of 195069?
3, 7, 1327
List the prime factors of 1446357.
3, 11, 41, 1069
List the prime factors of 3161276.
2, 103, 7673
What are the prime factors of 4410?
2, 3, 5, 7
List the prime factors of 9581908.
2, 7, 342211
List the prime factors of 8880274.
2, 13, 43, 47
What are the prime factors of 2105917?
11, 191447
List the prime factors of 1210893.
3, 17, 23743
What are the prime factors of 1959548?
2, 489887
What are the prime factors of 694835?
5, 138967
List the prime factors of 1973108.
2, 493277
What are the prime factors of 265196?
2, 167, 397
List the prime factors of 5373579.
3, 1791193
What are the prime factors of 4658976?
2, 3, 7, 2311
What are the prime factors of 1107101?
1107101
What are the prime factors of 205079?
7, 29297
List the prime factors of 2695272.
2, 3, 112303
What are the prime factors of 81674?
2, 97, 421
List the prime factors of 6517419.
3, 2172473
List the prime factors of 4785385.
5, 11, 167, 521
What are the prime factors of 14432116?
2, 17, 373, 569
What are the prime factors of 823439?
61, 13499
List the prime factors of 313580.
2, 5, 15679
What are the prime factors of 164311?
7, 23473
List the prime factors of 2585973.
3, 13, 61, 1087
What are the prime factors of 280716?
2, 3, 149, 157
List the prime factors of 1143415.
5, 7, 13, 359
What are the prime factors of 11882292?
2, 3, 41, 24151
List the prime factors of 19940304.
2, 3, 43, 9661
List the prime factors of 2036172.
2, 3, 169681
List the prime factors of 2394991.
613, 3907
List the prime factors of 527096.
2, 41, 1607
List the prime factors of 4539175.
5, 31, 5857
List the prime factors of 14090887.
14090887
List the prime factors of 782595.
3, 5, 11, 17, 31
List the prime factors of 395469.
3, 97, 151
What are the prime factors of 190265?
5, 38053
What are the prime factors of 2744048?
2, 41, 47, 89
What are the prime factors of 257803?
7, 13, 2833
What are the prime factors of 9890800?
2, 5, 79, 313
List the prime factors of 6092790.
2, 3, 5, 11, 37, 499
What are the prime factors of 20362526?
2, 10181263
What are the prime factors of 199712?
2, 79
List the prime factors of 406506.
2, 3, 67751
List the prime factors of 21806600.
2, 5, 107, 1019
List the prime factors of 8261535.
3, 5, 61, 9029
What are the prime factors of 218193?
3, 257, 283
List the prime factors of 3378091.
103, 32797
List the prime factors of 5455612.
2, 59, 23117
List the prime factors of 482506.
2, 241253
List the prime factors of 1711023.
3, 643, 887
List the prime factors of 33563167.
11, 163, 18719
List the prime factors of 15623494.
2, 7811747
What are the prime factors of 116589?
3, 11, 3533
List the prime factors of 180187.
7, 25741
What are the prime factors of 66942?
2, 3, 3719
What are the prime factors of 304796?
2, 23, 3313
What are the prime factors of 1272147?
3, 31, 13679
What are the prime factors of 250899?
3, 11, 7603
List the prime factors of 714526.
2, 357263
What are the prime factors of 16576317?
3, 191, 9643
What are the prime factors of 21822?
2, 3, 3637
What are the prime factors of 20669677?
7, 971, 3041
What are the prime factors of 149880?
2, 3, 5, 1249
What are the prime factors of 711043?
419, 1697
What are the prime factors of 11518?
2, 13, 443
List the prime factors of 459441.
3, 71, 719
List the prime factors of 35359.
19, 1861
List the prime factors of 20634680.
2, 5, 11, 23, 2039
What are the prime factors of 1760129?
7, 17, 2113
List the prime factors of 39145.
5, 7829
List the prime factors of 929844.
2, 3, 23, 1123
What are the prime factors of 225961?
225961
What are the prime factors of 5601083?
5601083
What are the prime factors of 1207961?
1207961
What are the prime factors of 773406?
2, 3, 42967
What are the prime factors of 293716?
2, 97, 757
What are the prime factors of 514070?
2, 5, 51407
What are the prime factors of 4698927?
3, 53, 9851
List the prime factors of 2284396.
2, 571099
What are the prime factors of 4650806?
2, 31, 75013
List the prime factors of 839740.
2, 5, 11, 347
What are the prime factors of 5549920?
2, 5, 34687
List the prime factors of 337095.
3, 5, 11, 227
What are the prime factors of 1567374?
2, 3, 261229
What are the prime factors of 529942?
2, 7, 37853
List the prime factors of 2100308.
2, 7, 75011
What are the prime factors of 174793?
47, 3719
What are the prime factors of 458865?
3, 5, 11, 103
List the prime factors of 4623784.
2, 11, 52543
What are the prime factors of 44877?
3, 7, 2137
List the prime factors